{"id":656,"date":"2017-05-01T13:34:21","date_gmt":"2017-05-01T13:34:21","guid":{"rendered":"https:\/\/solucoesmidiadigital.com.br\/guia\/?page_id=656"},"modified":"2021-07-23T17:24:14","modified_gmt":"2021-07-23T17:24:14","slug":"quem-somos","status":"publish","type":"page","link":"https:\/\/solucoesmidiadigital.com.br\/guia\/","title":{"rendered":"Quem Somos"},"content":{"rendered":"<h2>O\u00a0Guia Comercial<\/h2>\n<p>O <strong>Guia Comercial<\/strong>\u00a0\u00e9 uma empresa que tem como miss\u00e3o aproximar consumidores de produtos, servi\u00e7os e marcas. Para isso, oferece um servi\u00e7o de excel\u00eancia em gest\u00e3o de investimentos de publicidade para os produtos que comercializa. S\u00e3o sites de busca e produtos segmentados, preparados para facilitar ao m\u00e1ximo a aproxima\u00e7\u00e3o entre clientes e anunciantes.<\/p>\n<p>O objetivo da empresa \u00e9 oferecer a melhor gest\u00e3o e consultoria de publicidade para cada cliente, promovendo o comercio local, criando uma ponte entre os estabelecimentos e os clientes, aumentando a visibilidade e o movimento do comercio local.<\/p>\n<p><strong>Miss\u00e3o<\/strong>: Aproximar consumidores de produtos, servi\u00e7os e marcas.<\/p>\n<p><strong>Vis\u00e3o<\/strong>: Ser refer\u00eancia em gest\u00e3o de publicidade dos servi\u00e7os que comercializa.<\/p>\n<p><strong>Cliente<br \/>\n<\/strong>Garantir a satisfa\u00e7\u00e3o do cliente com solu\u00e7\u00f5es criativas, ideias inovadoras e servi\u00e7os de qualidade que propiciem resultados.<\/p>\n<p><strong>Resultado<br \/>\n<\/strong>Construir relacionamentos sustent\u00e1veis de benef\u00edcio m\u00fatuo entre clientes, consumidores, fornecedores, colaboradores e a empresa.<\/p>\n<p><strong>Colaboradores<br \/>\n<\/strong>Prezar pela qualidade de vida do colaborador atrav\u00e9s da aplica\u00e7\u00e3o das boas pr\u00e1ticas de gest\u00e3o de pessoas criando rela\u00e7\u00e3o de comprometimento.<\/p>\n<p><strong>\u00c9tica<\/strong><br \/>\nViabilizar atrav\u00e9s de uma consultoria \u00edntegra a melhor proposta para o cliente, al\u00e9m de utilizar os princ\u00edpios da \u00e9tica em todas as rela\u00e7\u00f5es.<\/p>\n","protected":false},"excerpt":{"rendered":"<p>O\u00a0Guia Comercial O Guia Comercial\u00a0\u00e9 uma empresa que tem como miss\u00e3o aproximar consumidores de produtos, servi\u00e7os e marcas. Para isso, oferece um servi\u00e7o de excel\u00eancia em gest\u00e3o de investimentos de publicidade para os produtos que comercializa. S\u00e3o sites de busca e produtos segmentados, preparados para facilitar ao m\u00e1ximo a aproxima\u00e7\u00e3o entre clientes e anunciantes. O&hellip;<\/p>\n","protected":false},"author":25,"featured_media":0,"parent":0,"menu_order":0,"comment_status":"closed","ping_status":"closed","template":"page-templates\/template-full-width.php","meta":[],"_links":{"self":[{"href":"https:\/\/solucoesmidiadigital.com.br\/guia\/wp-json\/wp\/v2\/pages\/656"}],"collection":[{"href":"https:\/\/solucoesmidiadigital.com.br\/guia\/wp-json\/wp\/v2\/pages"}],"about":[{"href":"https:\/\/solucoesmidiadigital.com.br\/guia\/wp-json\/wp\/v2\/types\/page"}],"author":[{"embeddable":true,"href":"https:\/\/solucoesmidiadigital.com.br\/guia\/wp-json\/wp\/v2\/users\/25"}],"replies":[{"embeddable":true,"href":"https:\/\/solucoesmidiadigital.com.br\/guia\/wp-json\/wp\/v2\/comments?post=656"}],"version-history":[{"count":3,"href":"https:\/\/solucoesmidiadigital.com.br\/guia\/wp-json\/wp\/v2\/pages\/656\/revisions"}],"predecessor-version":[{"id":998,"href":"https:\/\/solucoesmidiadigital.com.br\/guia\/wp-json\/wp\/v2\/pages\/656\/revisions\/998"}],"wp:attachment":[{"href":"https:\/\/solucoesmidiadigital.com.br\/guia\/wp-json\/wp\/v2\/media?parent=656"}],"curies":[{"name":"wp","href":"https:\/\/api.w.org\/{rel}","templated":true}]}}